 and 55.
5
Let y = -61 + 101. Suppose y = -2*x + 4*x. Calculate the greatest common divisor of x and 40.
20
Suppose 0 = -3*p + 203 + 523. Let l be (p/6)/(3/9). Let u = 11 + 0. What is the greatest common factor of u and l?
11
Suppose -m - 4 = -40. Calculate the greatest common divisor of m and 306.
18
Let n be (-211)/(-3) - 2/6. Suppose y = -4*y + n. What is the highest common divisor of y and 2?
2
Let n be -4 + (-600)/(-5) - -9. Calculate the highest common divisor of n and 125.
125
Let g be 0/(-1) - -2*56. Suppose -3*l - 5*k + 4*k + 168 = 0, g = 2*l - k. Suppose 0 = 16*i - 20*i + 560. What is the greatest common factor of l and i?
28
Let v be (1 - 4*1)/((-6)/18). Suppose 3*j - v = 2*m + 38, 4*m = 5*j - 79. Calculate the highest common factor of j and 150.
15
Let s = -731 + 765. Calculate the highest common factor of s and 289.
17
Let t(a) = -a**3 - 5*a**2 + 7*a + 9. Let r be t(-6). Suppose -3*p - r = -0. Let z(x) = 90*x**2. Let q be z(p). Calculate the greatest common divisor of q and 9.
9
Let s = -90 - -110. Let b be -1 + 167 + s + -24. Calculate the highest common factor of b and 18.
18
Let c(h) = 7*h**2 + 6*h - 16. Let v be c(-13). Calculate the greatest common divisor of 18 and v.
9
Suppose -50*r + 41*r = -189. What is the greatest common divisor of 98 and r?
7
Let o(r) = 3*r**2 - 3*r**2 + 11*r + 0*r**2 - 6 + r**2. Let f be o(-11). Let l be (-1 - f) + 2/(-1). What is the highest common divisor of 3 and l?
3
Let h be (3 - (-99)/(-6))/((-2)/12). Let f = h - 45. Suppose -6 = -3*i + 48. Calculate the greatest common factor of f and i.
18
Let k(q) = 5*q**2 + 19*q + 114. Let c be k(-8). Calculate the highest common factor of 470 and c.
94
Let z = 70 - 67. Calculate the highest common factor of 7 and z.
1
Suppose -5*a + 4 = -4*m, -5*m + 36 = 2*a + 2*a. Suppose -x = -2*b + 4*x - 5, 0 = 4*b - 2*x - 30. Calculate the greatest common factor of b and m.
2
Let c be (-398)/(-8) + 9/(-12). Let y = c - 19. Let m = 22 + -12. Calculate the greatest common divisor of m and y.
10
Suppose 122 = -3*f - 67. Let t = 91 + f. Calculate the greatest common factor of 84 and t.
28
Let m be (-1 - -9) + -4 + 4. What is the highest common divisor of 200 and m?
8
Let m be 1 + (4 - (-2)/(-1)). Suppose -z + m = 2*t + 4, -3*z - 4*t = -1. What is the greatest common divisor of 33 and z?
3
Let j be -2*(-3)/6*61. Suppose 3*v = -n + v + 5, -v = 5*n - j. Let f be n - -4 - 3*1. Calculate the highest common divisor of f and 126.
14
Let m be 46/12 + 1/6. Let p = -2 - -22. Let s be 10/p - (-50)/m. Calculate the greatest common divisor of 65 and s.
13
Let z = 8 + 1. Let o be (3 + -13)/5*z/(-2). What is the greatest common divisor of 12 and o?
3
Let s(o) = o - 17. Let f = 9 - 13. Let l(g) = 18. Let q(x) = f*s(x) - 3*l(x). Let p be q(-10). What is the greatest common divisor of 27 and p?
27
Let y = -428 + 618. Calculate the greatest common divisor of y and 418.
38
Suppose 19*q - 40 = 9*q. Let z(o) = -o + 8. Let s be z(10). Let v(r) = 7*r**2 - 3*r - 2. Let d be v(s). What is the greatest common factor of q and d?
4
Suppose 0 = -k + 11 + 144. Let i = 302 - k. Calculate the highest common factor of i and 21.
21
Let l = -93 - -103. Let m = l - 1. What is the highest common factor of 72 and m?
9
Suppose -3*m + 78 = 3*z, -66 = -3*z + z + 5*m. Let t(a) = 86*a - 1369. Let p be t(16). What is the highest common divisor of z and p?
7
Let q be (-1 - 3)/(1/(36/(-16))). Calculate the highest common divisor of q and 63.
9
Let g be -1 + -1 + 3*10. Suppose -2*i - 29 - 13 = 0. Let t = i + g. What is the greatest common factor of t and 7?
7
Let g(w) = 11*w**2 - 14*w + 43. Let i be g(7). What is the highest common divisor of 44 and i?
44
Let z be 16/(-6)*(26/4 - -4). Let s be (8/z)/(4/(-28)). What is the greatest common divisor of 32 and s?
2
Let i(m) = -25*m - 127. Let k be i(-25). What is the greatest common divisor of 6 and k?
6
Let t(g) = -g + 10. Let h be t(3). Calculate the highest common divisor of 14 and h.
7
Suppose -13*o = 16*o - 464. Suppose 5*v - 570 = 2*n, -2*n + 5*n = -v + 97. What is the highest common divisor of v and o?
16
Suppose -2*i = -70 - 210. Calculate the highest common divisor of i and 112.
28
Suppose 3*h + 3*x - 1819 = x, -x = h - 608. What is the highest common divisor of h and 9?
9
Let o = 6 - 4. Suppose 5*a - o*i - 17 = 0, 4*a + 3*i = 3*a. What is the greatest common factor of a and 15?
3
Suppose 31 = k + 2*l, -l = -k + l + 47. Let h be k - ((-8)/(-4) + -3). Calculate the highest common factor of 60 and h.
20
Let x be (20/(-6))/1*(-3078)/36. What is the highest common factor of 57 and x?
57
Let a(h) = -2*h**2 - 19*h + 22. Let n(i) = 3*i**2 + 20*i - 22. Let f(z) = 4*a(z) + 3*n(z). Let g be f(16). What is the highest common divisor of 44 and g?
22
Let s = 10 + 110. Suppose -15 = -3*m - 5*a + s, a = 3. Suppose -4*d - t + 27 = 0, -d + 4*t + 1 = -27. What is the highest common divisor of d and m?
8
Let t = 1 + 4. Let v = 10 - t. Suppose -3*p + 120 = 2*m + 96, -4*p - 3*m = -31. What is the highest common factor of p and v?
5
Let c be 2 + -1*4/(-2). Suppose -c = w - 3*w. Let d be (-2 - 1 - -141)/w. What is the highest common factor of d and 46?
23
Let o(m) = -8*m**2 - 136*m + 4. Let u be o(-14). Calculate the greatest common divisor of u and 10.
10
Let l = -6 - -102. What is the greatest common divisor of l and 32?
32
Suppose 10*a + 663 = 11*a. Calculate the greatest common factor of a and 51.
51
Let q(v) = -4*v**3 - 3*v**2 - 13. Let j be q(-4). Suppose -3*x + 0*x + u = -122, -102 = -3*x - 3*u. What is the highest common factor of j and x?
39
Suppose 23 - 87 = o. Let b = -46 - o. Let j be 650/4 - (-1)/(-2). What is the greatest common divisor of j and b?
18
Let b(r) = -4*r**2 + 7*r - 7. Let l be b(5). Let i = 108 + l. Let g(x) = -638*x**2 - 3196*x - 6. Let k be g(-5). What is the greatest common factor of k and i?
12
Let p = 114 - 29. Calculate the greatest common divisor of p and 340.
85
Suppose -2*a + 4*m = -406, m = -5*a + 4*a + 209. Calculate the highest common divisor of a and 23.
23
Let s = 481 - 409. What is the highest common factor of s and 324?
36
Suppose 6*a - a = 10. Suppose -l = a*l - 54. What is the highest common divisor of l and 63?
9
Suppose 208 = -5*d + 803. Suppose 5*f = 4*p + 79, 3*f - 2 = 3*p + 43. Suppose 2*u - f - 15 = 0. What is the highest common divisor of u and d?
17
Suppose 2*c + 21*a - 20*a - 36 = 0, 0 = -2*c + 2*a + 24. Calculate the highest common factor of c and 244.
4
Let f = -95 - -113. What is the greatest common factor of f and 198?
18
Let v(r) = -12*r**2 + 0*r + 7*r + 5*r**2 - r**3 - 7. Let b be v(-8). Let m(z) = 6*z. Let i be m(b). Calculate the highest common divisor of i and 18.
6
Let m = 19 + 3. Suppose 17*t - m*t + 55 = 0. Calculate the greatest common factor of t and 33.
11
Let f = 144 + -65. Suppose 3*s - 4*a + f = 0, -3 + 7 = 4*a. Let o = s + 27. Calculate the highest common factor of o and 2.
2
Suppose -874 - 83 = -29*l. Calculate the greatest common divisor of 55 and l.
11
Suppose -77*x - 51 = -80*x. Calculate the highest common factor of x and 1.
1
Let k(h) = 3*h - 2. Let a be k(4). Suppose 3*j + 2*p = -2*p - 10, -5*j - 10 = 5*p. Suppose 90 = j*q + q. What is the greatest common divisor of q and a?
10
Suppose -2*x = -0 - 8. Suppose 6 = 3*b, 86 = 5*l - 3*b - 48. Calculate the greatest common divisor of x and l.
4
Suppose 0*o - 4*o - 172 = -4*j, -160 = -4*j + o. Let f(d) = 4*d - 85. Let b be f(27). Let v be 78/2*b/69. Calculate the greatest common divisor of v and j.
13
Let q(g) = -2*g - 9. Let n be q(-7). Suppose 28 = 2*b - n*m, b - 14 = -b - 2*m. What is the highest common divisor of b and 9?
9
Suppose -t + 89 = 2*r, 0*t - 20 = -4*t. Let y = -328 - -356. What is the greatest common factor of r and y?
14
Let n be (36/20 - 3)*-10. Let w be (-935)/(-102) + (-2)/n. Let o(m) = -2*m**3 + 2*m + 1. Let k be o(-1). Calculate the highest common factor of k and w.
1
Let u = 854 + -594. Calculate the highest common divisor of u and 104.
52
Let k = 66 + 126. What is the greatest common divisor of 72 and k?
24
Let o(y) = 13*y - 17. Let s be o(-7). Let g be s/15*3/((-9)/10). Suppose 0 = -2*x - 3*x + 80. What is the greatest common divisor of g and x?
8
Let x be (-2)/(-4)*((-32)/(-8) + 24). What is the highest common divisor of 112 and x?
14
Sup